is -36 - 36?
-105
In base 8, what is 1 - 100?
-77
In base 5, what is 1 - 200?
-144
In base 16, what is -12 + 14?
2
In base 4, what is -1 - 300?
-301
In base 9, what is 4141 + -1?
4140
In base 12, what is 732 - -1?
733
In base 13, what is -10 + -6?
-16
In base 10, what is 23 + 255?
278
In base 15, what is 4cb0 + 5?
4cb5
In base 2, what is 101 + 100001?
100110
In base 5, what is 141 + -2334?
-2143
In base 3, what is -112000 + -11?
-112011
In base 2, what is -11 + -1?
-100
In base 12, what is -290 + -4?
-294
In base 11, what is 202 + 30?
232
In base 3, what is -12 - 1102?
-1121
In base 2, what is 10001100 - -1011001?
11100101
In base 5, what is 10 + 30?
40
In base 7, what is 210 - 13?
164
In base 4, what is 322311 + -2?
322303
In base 3, what is -10201 + 1?
-10200
In base 13, what is -4c75 + -3?
-4c78
In base 2, what is -111100 + 1001?
-110011
In base 11, what is 2 - 21?
-1a
In base 16, what is 34 + 6?
3a
In base 16, what is 1 - -c5?
c6
In base 2, what is 110010000011 + 101?
110010001000
In base 15, what is 2 - 22d?
-22b
In base 11, what is 6a3 + 1a?
712
In base 16, what is -2 + 13?
11
In base 5, what is 122 + -1?
121
In base 3, what is 2122212 + 1?
2122220
In base 8, what is -1 - -77?
76
In base 7, what is 26 - -212?
241
In base 9, what is -2 - -77?
75
In base 11, what is 4 + 12?
16
In base 13, what is b + 2?
10
In base 10, what is -55 + 0?
-55
In base 11, what is 4 - -2065?
2069
In base 11, what is -3 + 28?
25
In base 8, what is -122 - 2?
-124
In base 16, what is 18 + -15?
3
In base 11, what is -66 + -2?
-68
In base 7, what is 26 - -1515?
1544
In base 16, what is 1 + 192?
193
In base 8, what is 10 - 10?
0
In base 6, what is 5 + 202?
211
In base 6, what is -3 - -10532?
10525
In base 13, what is -29 - 5?
-31
In base 7, what is 42 + -4?
35
In base 9, what is 0 - -14732?
14732
In base 15, what is -457 - -2?
-455
In base 7, what is -3 + 56?
53
In base 13, what is -b03 + 4?
-acc
In base 13, what is -661 + 1?
-660
In base 6, what is -30542 - -5?
-30533
In base 10, what is 1 - -259?
260
In base 15, what is -4 + 1e?
1a
In base 11, what is -3 + -91?
-94
In base 7, what is -1565 + 3?
-1562
In base 6, what is 4 + -152?
-144
In base 4, what is 20133 + -3?
20130
In base 9, what is 0 + -131?
-131
In base 9, what is -2 - 0?
-2
In base 11, what is -784 - -5?
-77a
In base 15, what is 0 - -203?
203
In base 16, what is 15 - 17e?
-169
In base 10, what is 3 + -7116?
-7113
In base 7, what is 1 - -454?
455
In base 6, what is 1554 + 0?
1554
In base 8, what is -63010 + 4?
-63004
In base 4, what is 2011 - -11?
2022
In base 6, what is -2 + -3?
-5
In base 4, what is 20011 - 1?
20010
In base 5, what is 112 + 2?
114
In base 4, what is 0 + -311?
-311
In base 9, what is 718 - -1?
720
In base 12, what is -412 + 3?
-40b
In base 13, what is 137 + -2?
135
In base 7, what is -2 - -321?
316
In base 2, what is 10100110 + 11001?
10111111
In base 14, what is 3a - -2?
3c
In base 10, what is -614 - -5?
-609
In base 10, what is 1198 + -3?
1195
In base 3, what is 2 + -11010220?
-11010211
In base 10, what is 5 - 13?
-8
In base 7, what is -65 - -462?
364
In base 2, what is 11111111101001 - -10?
11111111101011
In base 8, what is -5420 - -1?
-5417
In base 11, what is 85 + -50?
35
In base 12, what is -70 + -8?
-78
In base 13, what is 40 - -4?
44
In base 12, what is -7 - 56?
-61
In base 10, what is -8162 + -5?
-8167
In base 9, what is 8 - 24?
-15
In base 13, what is 1a2 + 64?
236
In base 9, what is 2 + -135?
-133
In base 9, what is -6368 + 3?
-6365
In base 13, what is -2c + 5?
-27
In base 10, what is -14 + -13?
-27
In base 6, what is -13 + 2?
-11
In base 4, what is 11 - -123300?
123311
In base 3, what is -21 - -11001?
10210
In base 13, what is -5c - 3?
-62
In base 4, what is -1310123 - 10?
-1310133
In base 9, what is -213 + -4?
-217
In base 3, what is -10 + -10110?
-10120
In base 16, what is -187 + 1?
-186
In base 4, what is -3022321 + -3?
-3022330
In base 14, what is -1 - 182?
-183
In base 13, what is 0 + -48?
-48
In base 4, what is 111201 + -2?
111133
In base 9, what is -207 + -26?
-234
In base 4, what is 11 + 1123033?
1123110
In base 14, what is 1 + 2dd?
300
In base 2, what is 101 - 101101?
-101000
In base 12, what is -34b - -6?
-345
In base 12, what is -6 + 18?
12
In base 3, what is 22 - -112110?
112202
In base 15, what is 55b + 1?
55c
In base 8, what is 1541 + -1?
1540
In base 13, what is -3 - 234?
-237
In base 9, what is 24 - 83?
-58
In base 12, what is -571 - -a?
-563
In base 12, what is -428 + -4?
-430
In base 4, what is -12 - -20121?
20103
In base 12, what is -4 - 12?
-16
In base 2, what is 101011100 - -1?
101011101
In base 16, what is -c6 + -8?
-ce
In base 16, what is -8 - -13?
b
In base 12, what is -176 + 16?
-160
In base 14, what is -d + -5d?
-6c
In base 14, what is -1 - -36?
35
In base 6, what is -5 - 11524?
-11533
In base 12, what is 369 + 2?
36b
In base 8, what is 1646 + 2?
1650
In base 6, what is -5 - 2255?
-2304
In base 10, what is 302 + 5?
307
In base 11, what is 9 + -8?
1
In base 15, what is -acd - -2?
-acb
In base 16, what is 4 - -3d?
41
In base 16, what is 0 - -17e?
17e
In base 6, what is -1015 + 5?
-1010
In base 14, what is -91 + -11?
-a2
In base 2, what is 1000100 + -111?
111101
In base 6, what is 12120 - 24?
12052
In base 15, what is 22 + -2?
20
In base 7, what is 36 - -32?
101
In base 16, what is 103 + 3?
106
In base 6, what is 10 + 204?
214
In base 15, what is 260 - 1?
25e
In base 5, what is 10 - -20?
30
In base 8, what is -37 + 217?
160
In base 3, what is 0 - 10222?
-10222
In base 5, what is 10 - 423?
-413
In base 2, what is -1110111 - 1101?
-10000100
In base 9, what is 0 - -35?
35
In base 10, what is 1 - -1848?
1849
In base 15, what is 30ab - 2?
30a9
In base 14, what is 0 + -8?
-8
In base 12, what is -3 + -227?
-22a
In base 7, what is -215 - 5?
-223
In base 7, what is -540 - -5?
-532
In base 3, what is 2112 - -2?
2121
In base 16, what is -1dd + -f?
-1ec
In base 4, what is 220313 + -11?
220302
In base 4, what is 203001 + 10?
203011
In base 12, what is -63 - -47?
-18
In base 9, what is -104 + 0?
-104
In base 10, what is 5 - -16?
21
In base 3, what is 2 + -2100?
-2021
In base 16, what is 9 + -16?
-d
In base 4, what is 3231012 + 1?
3231013
In base 8, what is -3214 - -3?
-3211
In base 6, what is 22 - 13?
5
In base 11, what is -8474 - -5?
-846a
In base 10, what is 0 + -1556?
-1556
In base 12, what is 3 + 17a4?
17a7
In base 10, what is 345 + 8?
353
In base 5, what is 1211 + 32?
1243
In base 10, what is 141 - 2?
139
In base 16, what is -5 + -14?
-19
In base 7, what is 22 + -6?
13
In base 14, what is -5a2 + -6?
-5a8
In base 8, what is 574 + 2?
576
In base 12, what is -1 + 51?
50
In base 13, what is -11c + -5?
-124
In base 14, what is -2a + 3?
-27
In base 7, what is 13 + 13?
26
In base 10, what is 19 - 568?
-549
In base 8, what is -4107 - -5?
-4102
In base 15, what is 1d61 + 5?
1d66
In base 13, what is -4 + -1?
-5
In base 13, what is -1 + 86?
85
In base 11, what is -4 - 2?
-6
In base 15, what is -8d51 - -5?
-8d4b
In base 5, what is -2 - 332?
-334
In base 2, what is 110011010 + 1000?
110100010
In base 4, what is -10323 - -20?
-10303
In base 10, what is 14 - 2?
12
In base 11, what is -10352 + -1?
-10353
In base 6, what is -42 + -2?
-44
In base 7, what is -3 - -5?
2
In base 8, what is -13 + 16?
3
In base 3, what is -11 - 200112?
-200200
In base 3, what is -201 - -1020?
112
In base 12, what is 43b6 + 3?
43b9
In base 8, what is 247 + 55?
324
In base 2, what is -1011100 + 10110?
-1000110
In base 16, what is -30 - -a?
-26
In base 5, what is -23 - 3201?
-3224
In base 7, what is -112600 - 2?
-112602
In base 10, what is 17 + 78?
95
In base 6, what is -1 + -1?
-2
In base 16, what is 12 + 1?
13
In base 14, what is a33 - -5?
a38
In base 7, what is 0 - 3253?
-3253
In base 10, what is 3 + 43?
46
In base 8, what is -15 - 234?
-251
In base 7, what is -15204 + -5?
-15212
In base 9, what is -1 - 24?
-25
In base 5, what is 22 - 120?
-43
In base 3, what is -2 - -10011?
10002
In base 4, what is 13223 - -32?
13321
In base 16, what is -905c - -2?
-905a
In base 4, what is 301 + -220?
21
In base 8, what is -35 - -574?
537
In base 8, what is -1 - 4?
-5
In base 15, what is 12 + -4?
d
In base 7, what is -16 + 15?
-1
In base 8, what is 7 + -1121?
-1112
In base 14, what is -2 + 39?
37
In base 10, what i